n. What are the prime factors of f?
5
Let v be 7*(6/7)/3. Suppose -v*k - 516 = -3*w - 0*k, 0 = w + 5*k - 172. Let u = -120 + w. List the prime factors of u.
2, 13
Let c = 230 - -154. What are the prime factors of c?
2, 3
Let w = -147 - -613. List the prime factors of w.
2, 233
Suppose 11936 = 4*n - 5*w, -2*n + 2*w = 2577 - 8545. List the prime factors of n.
2, 373
Suppose 0 = -12*c + 18*c - 1320. List the prime factors of c.
2, 5, 11
Suppose 0*r = o + r - 1879, -4*r = 0. List the prime factors of o.
1879
Let z(v) be the second derivative of -v**5/20 - v**4/6 - v**3/3 + 11*v**2/2 + 26*v. List the prime factors of z(-4).
3, 17
Let d = 1300 - 627. Suppose -4*l + r + d = 0, -3*l - 2*l = 3*r - 820. List the prime factors of l.
167
Let d = 2122 - 1516. What are the prime factors of d?
2, 3, 101
Let g(u) = 3*u - 28. Let z be g(0). Let p = -24 - z. Suppose -n + 39 = 3*o + 6, p*o = 2*n - 116. List the prime factors of n.
2, 3
Let y = 24 - 17. Let g be (-59 - y) + 0 + -2. List the prime factors of g/(-3) + 20/(-30).
2, 11
Suppose -8276 = -18*y + 1552. What are the prime factors of y?
2, 3, 7, 13
Let y = 60 + -126. Let t = y + 267. What are the prime factors of t?
3, 67
Let j = 2266 - 649. List the prime factors of j.
3, 7, 11
Suppose -2*i = -7*i + 2*h - 1276, 5*h + 10 = 0. Let o = i - -480. List the prime factors of o.
2, 7
Suppose 4*o = -4, -3*m - 5*o = 37 - 5. Let c = m - -39. List the prime factors of c.
2, 3, 5
Suppose 0 = 5*a - 5*t - 0*t - 410, 0 = 2*t - 2. Suppose o - a = -17. What are the prime factors of o?
2, 3, 11
What are the prime factors of 274 + 3 + -7 + -1?
269
Let s be 23/5 + (-26)/(-65). Let y = -94 - s. What are the prime factors of (44/66)/((-2)/y)?
3, 11
Let o(u) = -71*u + 122. List the prime factors of o(-32).
2, 3, 7, 19
Let t(n) = n**2 - 4*n - 7. Let v be t(6). Let z = 7 - v. Suppose 2 = z*x - 4. List the prime factors of x.
3
List the prime factors of -15 + 1129 + (3 - 6)/(-3).
5, 223
Let k be 13/(1 + 2/(-4)*1). Let x = 74 - k. List the prime factors of x.
2, 3
Let p = 15 - 12. Suppose h - p*y - 63 = 4*h, 0 = -h - 5*y - 9. Let c = 41 + h. List the prime factors of c.
17
Let h(p) = -4*p**3 - 6*p**2 + 10*p + 50. List the prime factors of h(-6).
2, 11, 29
Let d = 22 - 22. Suppose 0 = -d*z + 3*z. Suppose q + z = 70. List the prime factors of q.
2, 5, 7
Let c(q) = 3*q**2 + 22*q + 28. What are the prime factors of c(21)?
7, 37
Let z = -96 + 168. Suppose 19 + 61 = -5*n - 5*w, 4*n - 4*w = -z. List the prime factors of (-1)/(0 + 1)*n.
17
Let g(h) = h + 7. Let m be g(-7). Let i be 1 + 2 + m + 3. Suppose i = -2*q + 38. List the prime factors of q.
2
Let y = 929 + 2089. What are the prime factors of y?
2, 3, 503
Let i = -1040 - -1563. What are the prime factors of i?
523
Let d(a) = -5*a - 4 - 5*a - 2*a + 11*a. Let j be d(-8). Suppose g = m + 29, 3*g - 1 = j*g + 5*m. List the prime factors of g.
2, 3
Suppose 2*q - 5*q - 2*a - 7 = 0, -4*a = 2*q - 6. Let g = 0 + q. Let z = g + 31. List the prime factors of z.
2, 13
Let v(d) = -7*d + 498. What are the prime factors of v(-48)?
2, 3, 139
Suppose 8344 = 12*h - 35924. What are the prime factors of h?
7, 17, 31
What are the prime factors of ((-765)/12 + 0)/(1/(-20))?
3, 5, 17
Let v be (-11)/(-4) - (-1)/4. Suppose 5*h = 0, -h = v*c + h - 15. Suppose -2*f = -c*f + 6. What are the prime factors of f?
2
Let z(n) = -n + 18. Suppose 4*a - 30 = -5*d - 2, -5*d - 44 = -2*a. What are the prime factors of z(a)?
2, 3
What are the prime factors of 3983*(164/(-28) + 6)?
569
Let g = -14 + 36. Let b = -17 + g. Suppose -b*r = 4 - 49. List the prime factors of r.
3
Let j(p) = 0*p**2 - 3*p**2 + 4*p + 2 - 1 - 2*p**2. Let u(a) = 6*a**2 - 3*a - 1. Let w(n) = 2*j(n) + 3*u(n). What are the prime factors of w(2)?
29
Let n(a) = -a**2 + 5*a - 2. Let x be n(3). Suppose 14 = -s + 2*y, 3*s - y = x*y - 37. What are the prime factors of (-40)/(-5)*(-9)/s?
2, 3
Let c = -89 - -305. List the prime factors of c.
2, 3
Let r(t) = 3*t**2 + t. Let n be r(1). Suppose 3*k + 38 = -4*b + 5*k, -n*k + 20 = -b. List the prime factors of b/10*-15*7.
2, 3, 7
What are the prime factors of 892 + 1/((-65)/15 + 4)?
7, 127
What are the prime factors of 19/((-76)/(-24)) + 400?
2, 7, 29
Let b(y) = -y**2 + 7*y + 11. Let m be b(8). Let d be m + (1 - 2) + 6. Let u = 16 - d. List the prime factors of u.
2
Let k(y) = y**3 - 8*y**2 - 9*y - 2. Let c be k(9). Let i = c - -14. What are the prime factors of i?
2, 3
What are the prime factors of 30555/18 + -2*3/12?
1697
Suppose 3*s - 4*s + 3 = 0. Suppose t + 212 = 3*t. Suppose 0 = -d - 3*d + 5*x + 70, 5*d + s*x - t = 0. List the prime factors of d.
2, 5
Let p = 6860 - 3611. List the prime factors of p.
3, 19
Let t be (-6)/(-3) + 155 + -2. Suppose -3*l + t = 2*l. Suppose g = -3*j + l, -2*g = -6*g - 3*j + 124. What are the prime factors of g?
31
Suppose 3*r = 5*f - 1831, -6*f + 7*f = 3*r + 359. List the prime factors of f.
2, 23
Suppose 4*d + 282 + 269 = 3*t, 4*t = -3*d + 718. Suppose 2*w = 3*b + 361, t = 3*w - 2*w - b. List the prime factors of w.
2, 7, 13
Let n(y) = -y - 25. Let g(b) = b + 17. Let q(r) = 8*g(r) + 5*n(r). Let l be q(-5). What are the prime factors of l/(-18) - (-1784)/72?
5
Suppose -3*b = 171 + 24. Let y = b + 93. List the prime factors of y.
2, 7
Let g(c) = -19*c - 17. Suppose 3*q - 14 = 4*q - 3*b, 5*q + 38 = -b. What are the prime factors of g(q)?
3, 5
Let c = 67 + -64. Let y be (-2)/(-3) + 8/6. Suppose 5*j - c*d - 23 = 0, j - y*d + 2 = 1. What are the prime factors of j?
7
Let w(i) = -i + 6. Let a = -8 + 17. Let v be w(a). Let y = v - -11. What are the prime factors of y?
2
Let q(w) = -w - 13. Let j be q(-13). Suppose -3*h = 2*h + b - 116, -b - 4 = j. List the prime factors of h.
2, 3
Let c(d) = d**2 - 6*d + 12. Let q be c(5). Suppose -4*m + 2*r = -310, 8*m - 81 = q*m + 4*r. List the prime factors of m.
7, 11
Let i = -1 + 9. Suppose 4*k - 314 = -302. Suppose 56 = 4*f - 2*m, f - i = 5*m - k. List the prime factors of f.
3, 5
Suppose -11*s - 2207 + 6695 = 0. What are the prime factors of s?
2, 3, 17
Suppose 0 = -13*w + 9533 + 6613. List the prime factors of w.
2, 3, 23
Suppose 126 - 871 = -5*o. What are the prime factors of o?
149
Let r = 5 - 1. Suppose 0 = -2*k + c + 8, 0*k + 4*c + 12 = r*k. Suppose -2*v - 75 = -k*v. List the prime factors of v.
5
Suppose 0*p - 2*p - 2*u + 40 = 0, -108 = -4*p + 3*u. Let b = -13 + 19. Suppose q + b*o - p = o, -2*o = 4. List the prime factors of q.
2, 17
Let z = 75 + 123. Let b = z - -45. List the prime factors of b.
3
Let m(j) = j**3 + 13*j**2 + 10*j - 16. Let w be m(-12). What are the prime factors of ((-28)/w + 3)*-120?
2, 3, 5
Let c = 37 + -33. Suppose -4*z = -c*l + 12 - 28, 10 = 3*z - 5*l. What are the prime factors of z?
5
What are the prime factors of 252/27 - 9 - (-1268)/3?
3, 47
Suppose 5*o + 2*f = 8, 5*o = 4*f + 23 - 9. Suppose 3*j + 70 = o*t, -j - 127 - 13 = -4*t. What are the prime factors of t?
5, 7
List the prime factors of 10534/16 - 18/48.
2, 7, 47
List the prime factors of 2022/(-24)*(4 - 8).
337
Let u(p) = -9*p - 15. Let v(l) = l - 2. Let j be v(-3). What are the prime factors of u(j)?
2, 3, 5
Let i(v) = -v + 3. Let r be i(1). Suppose r*y + 0*a - 5*a - 308 = 0, 0 = y - 2*a - 152. List the prime factors of y.
2, 3
Suppose -5*k + 138 = -3*p, 4*p + 3*k = -202 + 18. Let m = p + 141. List the prime factors of m.
5, 19
Suppose -10*s = -15*s + 75. What are the prime factors of (39/5)/(3/s)?
3, 13
List the prime factors of -1 + 0 - -1 - (100 - 424).
2, 3
Let g(c) = 489*c**2 + 12*c + 13. What are the prime factors of g(-1)?
2, 5, 7
Suppose -v + 32 + 218 = 0. Let d = v - 109. Suppose -q - 4*k = -38, 0*q = 4*q + 5*k - d. What are the prime factors of q?
2, 17
Suppose -c + 2*r + 69 = 11, -c - 5*r = -65. Let x = c - 143. Let h = 159 + x. What are the prime factors of h?
2, 19
Let w = 160 + -131. What are the prime factors of w?
29
Let m(t) = 30*t + 22 + 25 - 66. What are the prime factors of m(8)?
13, 17
Suppose 2*q - 276 = 4*a + 500, -5*q - 2*a + 1952 = 0. Let g = q - 96. List the prime factors of g.
2, 3, 7
Let n be 2*1*20/8. Let d(z) = 4*z - 2*z**2 + n - 6*z + 4*z**3 - 4. List the prime factors of d(2).
3, 7
Let r(w) = -3*w**2 - 8*w + 10. Let s(i) = -4*i**2 - 9*i + 9. Let a(t) = 3*r(t) - 2*s(t). What are the prime factors of a(-7)?
5
Let l = -479 - -1192